{"id":147,"date":"2023-10-02T15:27:40","date_gmt":"2023-10-02T13:27:40","guid":{"rendered":"https:\/\/coraliefevre-psychologue.com\/?page_id=147"},"modified":"2023-10-02T16:32:06","modified_gmt":"2023-10-02T14:32:06","slug":"analyse-des-pratiques-professionnelles-2","status":"publish","type":"page","link":"https:\/\/coraliefevre-psychologue.com\/index.php\/analyse-des-pratiques-professionnelles-2\/","title":{"rendered":"ANALYSE DES PRATIQUES PROFESSIONNELLES"},"content":{"rendered":"\n<p><mark style=\"background-color:rgba(0, 0, 0, 0)\" class=\"has-inline-color has-red-color\">Je propose des animations de <strong>groupes d&rsquo;analyse des pratiques professionnelles<\/strong> dans les \u00e9tablissements sociaux, m\u00e9dico-sociaux  et sanitaires des secteurs du <strong>Doubs<\/strong> et du <strong>Territoire de Belfort<\/strong>.<\/mark><\/p>\n\n\n\n<p><mark style=\"background-color:rgba(0, 0, 0, 0)\" class=\"has-inline-color has-red-color\">Si votre m\u00e9tier comporte une <strong>dimension relationnelle<\/strong> importante, un espace de <strong>r\u00e9flexion <\/strong>et d&rsquo;<strong>\u00e9changes<\/strong> peut s&rsquo;av\u00e9rer utile afin de trouver un <strong>soutien<\/strong>, \u00e9clairer vos difficult\u00e9s, faire un pas de cot\u00e9 face aux <strong>situations de travail complexes<\/strong>.<\/mark><\/p>\n\n\n\n<p><mark style=\"background-color:rgba(0, 0, 0, 0)\" class=\"has-inline-color has-red-color\">L&rsquo;objectif de l&rsquo;APP est de vous offrir un espace pour <strong>penser<\/strong> vos relations professionnelles, prendre <strong>un temps de r\u00e9flexion<\/strong> sur votre posture et se questionner sur votre pratique. La m\u00e9thodologie appliqu\u00e9e vise \u00e0 faire circuler la parole dans le groupe, dont la pluralit\u00e9 des participants nous offre une <strong>r\u00e9sonnance des exp\u00e9riences<\/strong>, des interpr\u00e9tations ou des ressentis. Le groupe est le principal outil de travail en APP, il est le moyen de <strong>cultiver des ressources<\/strong>, d&rsquo;identifier des<strong> leviers d&rsquo;action<\/strong> et d&rsquo;affiner votre<strong> identit\u00e9 professionnelle<\/strong>. <\/mark><\/p>\n\n\n\n<p><mark style=\"background-color:rgba(0, 0, 0, 0)\" class=\"has-inline-color has-red-color\">Dans un cadre de<strong> confiance <\/strong>et de <strong>solidarit\u00e9<\/strong>, les groupes d&rsquo;APP vous donnent la possibilit\u00e9 de sortir de <strong>situations d&rsquo;isolement<\/strong>, d&rsquo;offrir du <strong>soutien<\/strong> \u00e0 d&rsquo;autres, et de d\u00e9velopper vos aptitudes \u00e0 vous positionner en donnant du<strong> sens <\/strong>et de la<strong> coh\u00e9rence<\/strong> \u00e0 votre pratique.<\/mark> <\/p>\n\n\n\n<p><mark style=\"background-color:rgba(0, 0, 0, 0)\" class=\"has-inline-color has-red-color\"><strong>L&rsquo;APP n&rsquo;est pas de la r\u00e9gulation d&rsquo;\u00e9quipes,<\/strong> elle ob\u00e9it \u00e0 des r\u00e8gles de fonctionnement qui garantissent la s\u00e9curit\u00e9 psychique des participants afin de favoriser la cr\u00e9ativit\u00e9 et la compl\u00e9mentarit\u00e9. <\/mark><\/p>\n\n\n\n<ul class=\"wp-block-list\">\n<li><mark style=\"background-color:rgba(0, 0, 0, 0)\" class=\"has-inline-color has-medium-brown-color\"><strong>Public vis\u00e9<\/strong>: travailleurs sociaux, \u00e9ducateurs, groupes d&rsquo;\u00e9tudiants, personnel soignant, enseignants (maximum 10 personnes).<\/mark><\/li>\n\n\n\n<li><mark style=\"background-color:rgba(0, 0, 0, 0)\" class=\"has-inline-color has-medium-brown-color\"><strong>Dur\u00e9e<\/strong>: dur\u00e9e et fr\u00e9quence \u00e0 adapter selon le besoin des \u00e9quipes.<\/mark><\/li>\n\n\n\n<li><mark style=\"background-color:rgba(0, 0, 0, 0)\" class=\"has-inline-color has-medium-brown-color\"><strong>Tarif<\/strong>: sur devis.<\/mark><\/li>\n<\/ul>\n","protected":false},"excerpt":{"rendered":"<p>Je propose des animations de groupes d&rsquo;analyse des pratiques professionnelles dans les \u00e9tablissements sociaux, m\u00e9dico-sociaux et sanitaires des secteurs du Doubs et du Territoire de Belfort. Si votre m\u00e9tier comporte une dimension relationnelle importante, un espace de r\u00e9flexion et d&rsquo;\u00e9changes peut s&rsquo;av\u00e9rer utile afin de trouver un soutien, \u00e9clairer vos difficult\u00e9s, faire un pas de &hellip; <a href=\"https:\/\/coraliefevre-psychologue.com\/index.php\/analyse-des-pratiques-professionnelles-2\/\" class=\"more-link\">Continuer la lecture de <span class=\"screen-reader-text\">ANALYSE DES PRATIQUES PROFESSIONNELLES<\/span> <span class=\"meta-nav\">&rarr;<\/span><\/a><\/p>\n","protected":false},"author":1,"featured_media":0,"parent":0,"menu_order":0,"comment_status":"closed","ping_status":"closed","template":"","meta":{"footnotes":""},"class_list":["post-147","page","type-page","status-publish","hentry"],"yoast_head":"<!-- This site is optimized with the Yoast SEO plugin v27.4 - https:\/\/yoast.com\/product\/yoast-seo-wordpress\/ -->\n<title>ANALYSE DES PRATIQUES PROFESSIONNELLES - PSYCHOLOGUE ET PSYCHOTHERAPEUTE<\/title>\n<meta name=\"robots\" content=\"index, follow, max-snippet:-1, max-image-preview:large, max-video-preview:-1\" \/>\n<link rel=\"canonical\" href=\"https:\/\/coraliefevre-psychologue.com\/index.php\/analyse-des-pratiques-professionnelles-2\/\" \/>\n<meta property=\"og:locale\" content=\"fr_FR\" \/>\n<meta property=\"og:type\" content=\"article\" \/>\n<meta property=\"og:title\" content=\"ANALYSE DES PRATIQUES PROFESSIONNELLES - PSYCHOLOGUE ET PSYCHOTHERAPEUTE\" \/>\n<meta property=\"og:description\" content=\"Je propose des animations de groupes d&rsquo;analyse des pratiques professionnelles dans les \u00e9tablissements sociaux, m\u00e9dico-sociaux et sanitaires des secteurs du Doubs et du Territoire de Belfort. Si votre m\u00e9tier comporte une dimension relationnelle importante, un espace de r\u00e9flexion et d&rsquo;\u00e9changes peut s&rsquo;av\u00e9rer utile afin de trouver un soutien, \u00e9clairer vos difficult\u00e9s, faire un pas de &hellip; Continuer la lecture de ANALYSE DES PRATIQUES PROFESSIONNELLES &rarr;\" \/>\n<meta property=\"og:url\" content=\"https:\/\/coraliefevre-psychologue.com\/index.php\/analyse-des-pratiques-professionnelles-2\/\" \/>\n<meta property=\"og:site_name\" content=\"PSYCHOLOGUE ET PSYCHOTHERAPEUTE\" \/>\n<meta property=\"article:publisher\" content=\"https:\/\/www.facebook.com\/coraliefevrepsychologue\" \/>\n<meta property=\"article:modified_time\" content=\"2023-10-02T14:32:06+00:00\" \/>\n<meta name=\"twitter:card\" content=\"summary_large_image\" \/>\n<meta name=\"twitter:label1\" content=\"Dur\u00e9e de lecture estim\u00e9e\" \/>\n\t<meta name=\"twitter:data1\" content=\"2 minutes\" \/>\n<script type=\"application\/ld+json\" class=\"yoast-schema-graph\">{\"@context\":\"https:\\\/\\\/schema.org\",\"@graph\":[{\"@type\":\"WebPage\",\"@id\":\"https:\\\/\\\/coraliefevre-psychologue.com\\\/index.php\\\/analyse-des-pratiques-professionnelles-2\\\/\",\"url\":\"https:\\\/\\\/coraliefevre-psychologue.com\\\/index.php\\\/analyse-des-pratiques-professionnelles-2\\\/\",\"name\":\"ANALYSE DES PRATIQUES PROFESSIONNELLES - PSYCHOLOGUE ET PSYCHOTHERAPEUTE\",\"isPartOf\":{\"@id\":\"https:\\\/\\\/coraliefevre-psychologue.com\\\/#website\"},\"datePublished\":\"2023-10-02T13:27:40+00:00\",\"dateModified\":\"2023-10-02T14:32:06+00:00\",\"breadcrumb\":{\"@id\":\"https:\\\/\\\/coraliefevre-psychologue.com\\\/index.php\\\/analyse-des-pratiques-professionnelles-2\\\/#breadcrumb\"},\"inLanguage\":\"fr-FR\",\"potentialAction\":[{\"@type\":\"ReadAction\",\"target\":[\"https:\\\/\\\/coraliefevre-psychologue.com\\\/index.php\\\/analyse-des-pratiques-professionnelles-2\\\/\"]}]},{\"@type\":\"BreadcrumbList\",\"@id\":\"https:\\\/\\\/coraliefevre-psychologue.com\\\/index.php\\\/analyse-des-pratiques-professionnelles-2\\\/#breadcrumb\",\"itemListElement\":[{\"@type\":\"ListItem\",\"position\":1,\"name\":\"Accueil\",\"item\":\"https:\\\/\\\/coraliefevre-psychologue.com\\\/\"},{\"@type\":\"ListItem\",\"position\":2,\"name\":\"ANALYSE DES PRATIQUES PROFESSIONNELLES\"}]},{\"@type\":\"WebSite\",\"@id\":\"https:\\\/\\\/coraliefevre-psychologue.com\\\/#website\",\"url\":\"https:\\\/\\\/coraliefevre-psychologue.com\\\/\",\"name\":\"PSYCHOLOGUE ET PSYCHOTHERAPEUTE\",\"description\":\"Coralie FEVRE\",\"publisher\":{\"@id\":\"https:\\\/\\\/coraliefevre-psychologue.com\\\/#organization\"},\"potentialAction\":[{\"@type\":\"SearchAction\",\"target\":{\"@type\":\"EntryPoint\",\"urlTemplate\":\"https:\\\/\\\/coraliefevre-psychologue.com\\\/?s={search_term_string}\"},\"query-input\":{\"@type\":\"PropertyValueSpecification\",\"valueRequired\":true,\"valueName\":\"search_term_string\"}}],\"inLanguage\":\"fr-FR\"},{\"@type\":\"Organization\",\"@id\":\"https:\\\/\\\/coraliefevre-psychologue.com\\\/#organization\",\"name\":\"Psychologue Psychoth\u00e9rapeute\",\"url\":\"https:\\\/\\\/coraliefevre-psychologue.com\\\/\",\"logo\":{\"@type\":\"ImageObject\",\"inLanguage\":\"fr-FR\",\"@id\":\"https:\\\/\\\/coraliefevre-psychologue.com\\\/#\\\/schema\\\/logo\\\/image\\\/\",\"url\":\"https:\\\/\\\/coraliefevre-psychologue.com\\\/wp-content\\\/uploads\\\/2022\\\/02\\\/4.jpg\",\"contentUrl\":\"https:\\\/\\\/coraliefevre-psychologue.com\\\/wp-content\\\/uploads\\\/2022\\\/02\\\/4.jpg\",\"width\":1600,\"height\":1200,\"caption\":\"Psychologue Psychoth\u00e9rapeute\"},\"image\":{\"@id\":\"https:\\\/\\\/coraliefevre-psychologue.com\\\/#\\\/schema\\\/logo\\\/image\\\/\"},\"sameAs\":[\"https:\\\/\\\/www.facebook.com\\\/coraliefevrepsychologue\"]}]}<\/script>\n<!-- \/ Yoast SEO plugin. -->","yoast_head_json":{"title":"ANALYSE DES PRATIQUES PROFESSIONNELLES - PSYCHOLOGUE ET PSYCHOTHERAPEUTE","robots":{"index":"index","follow":"follow","max-snippet":"max-snippet:-1","max-image-preview":"max-image-preview:large","max-video-preview":"max-video-preview:-1"},"canonical":"https:\/\/coraliefevre-psychologue.com\/index.php\/analyse-des-pratiques-professionnelles-2\/","og_locale":"fr_FR","og_type":"article","og_title":"ANALYSE DES PRATIQUES PROFESSIONNELLES - PSYCHOLOGUE ET PSYCHOTHERAPEUTE","og_description":"Je propose des animations de groupes d&rsquo;analyse des pratiques professionnelles dans les \u00e9tablissements sociaux, m\u00e9dico-sociaux et sanitaires des secteurs du Doubs et du Territoire de Belfort. Si votre m\u00e9tier comporte une dimension relationnelle importante, un espace de r\u00e9flexion et d&rsquo;\u00e9changes peut s&rsquo;av\u00e9rer utile afin de trouver un soutien, \u00e9clairer vos difficult\u00e9s, faire un pas de &hellip; Continuer la lecture de ANALYSE DES PRATIQUES PROFESSIONNELLES &rarr;","og_url":"https:\/\/coraliefevre-psychologue.com\/index.php\/analyse-des-pratiques-professionnelles-2\/","og_site_name":"PSYCHOLOGUE ET PSYCHOTHERAPEUTE","article_publisher":"https:\/\/www.facebook.com\/coraliefevrepsychologue","article_modified_time":"2023-10-02T14:32:06+00:00","twitter_card":"summary_large_image","twitter_misc":{"Dur\u00e9e de lecture estim\u00e9e":"2 minutes"},"schema":{"@context":"https:\/\/schema.org","@graph":[{"@type":"WebPage","@id":"https:\/\/coraliefevre-psychologue.com\/index.php\/analyse-des-pratiques-professionnelles-2\/","url":"https:\/\/coraliefevre-psychologue.com\/index.php\/analyse-des-pratiques-professionnelles-2\/","name":"ANALYSE DES PRATIQUES PROFESSIONNELLES - PSYCHOLOGUE ET PSYCHOTHERAPEUTE","isPartOf":{"@id":"https:\/\/coraliefevre-psychologue.com\/#website"},"datePublished":"2023-10-02T13:27:40+00:00","dateModified":"2023-10-02T14:32:06+00:00","breadcrumb":{"@id":"https:\/\/coraliefevre-psychologue.com\/index.php\/analyse-des-pratiques-professionnelles-2\/#breadcrumb"},"inLanguage":"fr-FR","potentialAction":[{"@type":"ReadAction","target":["https:\/\/coraliefevre-psychologue.com\/index.php\/analyse-des-pratiques-professionnelles-2\/"]}]},{"@type":"BreadcrumbList","@id":"https:\/\/coraliefevre-psychologue.com\/index.php\/analyse-des-pratiques-professionnelles-2\/#breadcrumb","itemListElement":[{"@type":"ListItem","position":1,"name":"Accueil","item":"https:\/\/coraliefevre-psychologue.com\/"},{"@type":"ListItem","position":2,"name":"ANALYSE DES PRATIQUES PROFESSIONNELLES"}]},{"@type":"WebSite","@id":"https:\/\/coraliefevre-psychologue.com\/#website","url":"https:\/\/coraliefevre-psychologue.com\/","name":"PSYCHOLOGUE ET PSYCHOTHERAPEUTE","description":"Coralie FEVRE","publisher":{"@id":"https:\/\/coraliefevre-psychologue.com\/#organization"},"potentialAction":[{"@type":"SearchAction","target":{"@type":"EntryPoint","urlTemplate":"https:\/\/coraliefevre-psychologue.com\/?s={search_term_string}"},"query-input":{"@type":"PropertyValueSpecification","valueRequired":true,"valueName":"search_term_string"}}],"inLanguage":"fr-FR"},{"@type":"Organization","@id":"https:\/\/coraliefevre-psychologue.com\/#organization","name":"Psychologue Psychoth\u00e9rapeute","url":"https:\/\/coraliefevre-psychologue.com\/","logo":{"@type":"ImageObject","inLanguage":"fr-FR","@id":"https:\/\/coraliefevre-psychologue.com\/#\/schema\/logo\/image\/","url":"https:\/\/coraliefevre-psychologue.com\/wp-content\/uploads\/2022\/02\/4.jpg","contentUrl":"https:\/\/coraliefevre-psychologue.com\/wp-content\/uploads\/2022\/02\/4.jpg","width":1600,"height":1200,"caption":"Psychologue Psychoth\u00e9rapeute"},"image":{"@id":"https:\/\/coraliefevre-psychologue.com\/#\/schema\/logo\/image\/"},"sameAs":["https:\/\/www.facebook.com\/coraliefevrepsychologue"]}]}},"_links":{"self":[{"href":"https:\/\/coraliefevre-psychologue.com\/index.php\/wp-json\/wp\/v2\/pages\/147","targetHints":{"allow":["GET"]}}],"collection":[{"href":"https:\/\/coraliefevre-psychologue.com\/index.php\/wp-json\/wp\/v2\/pages"}],"about":[{"href":"https:\/\/coraliefevre-psychologue.com\/index.php\/wp-json\/wp\/v2\/types\/page"}],"author":[{"embeddable":true,"href":"https:\/\/coraliefevre-psychologue.com\/index.php\/wp-json\/wp\/v2\/users\/1"}],"replies":[{"embeddable":true,"href":"https:\/\/coraliefevre-psychologue.com\/index.php\/wp-json\/wp\/v2\/comments?post=147"}],"version-history":[{"count":2,"href":"https:\/\/coraliefevre-psychologue.com\/index.php\/wp-json\/wp\/v2\/pages\/147\/revisions"}],"predecessor-version":[{"id":152,"href":"https:\/\/coraliefevre-psychologue.com\/index.php\/wp-json\/wp\/v2\/pages\/147\/revisions\/152"}],"wp:attachment":[{"href":"https:\/\/coraliefevre-psychologue.com\/index.php\/wp-json\/wp\/v2\/media?parent=147"}],"curies":[{"name":"wp","href":"https:\/\/api.w.org\/{rel}","templated":true}]}}